e tens digit of w?
4
Let f(d) = d**3 - 5*d**2 - d + 8. Let a be f(4). Let t be (-1)/(((-28)/a)/(-7)). Suppose -198 - 258 = -t*m. What is the units digit of m?
2
Suppose -5*c - 4 - 16 = 0. Let q(r) = -2*r**2 + 2*r + 10. Let g be q(c). What is the tens digit of ((-45)/g)/(3/86)?
4
Suppose 5*z - i - 1383 = 3*i, 0 = 5*z + 5*i - 1410. Suppose -192 = -3*h + z. Suppose 120 = h*s - 154*s. What is the units digit of s?
0
Let j(p) = -150*p + 1875. What is the thousands digit of j(-56)?
0
Suppose 251 = -4*p + 2*m - 3*m, 0 = -m + 5. Let v = p + 89. What is the hundreds digit of (24 - v)/((-1)/140)?
1
Let o(b) = -1971*b + 51. Let l(c) = 1. Let h(k) = -197*k + 10. Let m(x) = h(x) - 5*l(x). Let i(r) = 21*m(r) - 2*o(r). What is the hundreds digit of i(-1)?
1
Suppose -42917 = -344*q + 337*q. What is the units digit of q?
1
Let i = 6718 - 374. What is the thousands digit of i?
6
Suppose -5*h + 14943 + 24200 = 2*a, 0 = 4*h - 4*a - 31292. What is the hundreds digit of h?
8
Suppose 4*d - 103*t = -102*t + 10607, -3*d + 7944 = -3*t. What is the units digit of d?
3
Let i(z) = -z**2 + 56*z - 70. Let y be i(30). Suppose -g + s + y = 0, -2*g - 5*s + 359 = -1075. What is the tens digit of g?
1
Suppose 246 = p - a, 4*p = -6*a + 3*a + 1019. Let z = p + 33. What is the units digit of z?
4
What is the tens digit of 6826/(2 + -1 + 1 - (-96)/(-72))?
3
Let v(z) = -z**3 + 5*z**2 + 32*z - 153. Let n be v(6). Suppose -1588 = -2*b + n*k, -2*b + k + 3196 = 2*b. What is the hundreds digit of b?
8
What is the tens digit of 12004 - 6 - (-1 + 11)?
8
Suppose -2*d + 108209 = 3*d - 3*w, -2*d = -4*w - 43278. Suppose -y + 3*y + 2*b = -8660, -d = 5*y - 2*b. What is the units digit of 2/(-8) + (y/(-12))/3?
0
Let r(f) = -25*f**3 - 9*f**2 - 21. What is the tens digit of r(-7)?
1
Let c(w) = w**2 - 2*w. Let q be c(2). Let k(y) = y**3 + y**2 - 2*y - 81. Let h be k(q). Let r = h - -124. What is the tens digit of r?
4
Let q be (-16)/(-4 - -8) + -14. Let x = q + 36. What is the tens digit of 40/180 - (-410)/x?
2
Let l(c) = c**2 + 4*c + 17. Let u(y) = y. Let q(h) = -6*h + 20. Let p(k) = -q(k) - 5*u(k). Let z be p(9). What is the units digit of l(z)?
4
Let v(j) = -18*j - 6. Let l be v(5). Let q be (-43)/(-6) - (-16)/l. Suppose -q*p = -11 - 73. What is the tens digit of p?
1
Suppose -4*v = -3*m - 9802, -886 - 8930 = -4*v - 4*m. Suppose 372 = -5*z + v. Let a = -216 + z. What is the units digit of a?
0
Let o(m) = m**2 + 16*m - 143. Let q be o(-20). What is the tens digit of 4189/7 + 27/q?
9
Let b(g) = 153*g**2 + 24*g + 25. Let q be b(4). Suppose q = -40*l + 10809. What is the hundreds digit of l?
2
Let o be (1 + -4)*(4624/3 + 0). What is the tens digit of 13/(585/10) + o/(-9)?
1
Let b be 161/28 - (-3)/12. What is the units digit of (-19481)/(-138) - 1/b?
1
Let r(s) = s**2 + 69*s + 412. What is the units digit of r(44)?
4
Let l = 1448 - -26802. What is the thousands digit of l?
8
Let p(s) = 5*s**3 - 25*s**2 - 7*s - 5. Let j(b) = -2*b**3 + 13*b**2 + 3*b + 3. Let r(z) = 9*j(z) + 4*p(z). What is the hundreds digit of r(-7)?
1
Let k = 28201 - 543. What is the hundreds digit of k?
6
Suppose 314*d + 1838252 = 23*d + 7204292. What is the units digit of d?
0
Let w(x) = x**3 + 5*x**2 - 8*x - 8. Let v be w(-6). Suppose 1330 = v*r + 110. What is the units digit of r?
5
Let u(i) = 2*i**2 + 8*i + 12. Let j be u(-2). Let m(r) = -3*r**3 + 3*r**2 - 4*r + 11. Let g be m(j). Let s = 266 + g. What is the hundreds digit of s?
1
Suppose -139300 = -4*a - 85*f + 89*f, 0 = 2*a + f - 69674. What is the units digit of a?
3
Suppose -24*c = -9019 - 10973. What is the units digit of c?
3
Suppose h = h - 10*h + 277420. What is the units digit of h?
2
Suppose 0*p = -m + 3*p - 8, 0 = 3*m - 4*p + 4. Suppose m*o - 2997 = 3595. What is the hundreds digit of o?
6
Let o = -141 - -145. Suppose 0*u + o*u - 1744 = 0. What is the units digit of u?
6
Let d be (-297)/4 - 6/8. Let x = 2377 + -2078. Let a = x + d. What is the hundreds digit of a?
2
Suppose m = 7242 + 3184. Suppose m = -21*o + 34*o. What is the hundreds digit of o?
8
Let t = -8 - -10. Let b(r) = 3*r - 2. Let q be b(t). Suppose -q*m + 214 = -174. What is the units digit of m?
7
Let k(j) = -5*j**2 - 11*j + 21. Let a(i) = i**2 + 2*i - 4. Let s(u) = -22*a(u) - 4*k(u). Let t be s(2). What is the units digit of (-1*(-2 + 4))/(t/36)?
8
Let i = -54 - -87. Let b(s) = -12*s + 23. Let v be b(-4). Let y = v - i. What is the units digit of y?
8
Let s = -4890 + 5199. What is the tens digit of s?
0
Let d = -2699 + 8331. What is the units digit of d?
2
Let g = 53679 + -28458. What is the thousands digit of g?
5
Let w be 7/(-21) + (-1 - (-10)/3). Suppose -2*z - d - w*d + 8 = 0, 56 = 4*z - 4*d. Suppose -u - z + 178 = 0. What is the units digit of u?
8
What is the tens digit of (-38)/152 + 114717/4?
7
Let r = -311 + 315. Let u = 15 + -11. Suppose r*a = -u*w + 1072, -13 = -3*w + 2. What is the tens digit of a?
6
Let w(a) = -a**3 - 17*a**2 + a - 6. Let u be w(-17). Let x = 13 + u. Let q(h) = 3*h**2 + 11*h + 17. What is the hundreds digit of q(x)?
2
Suppose -107*v + 109*v - 2*f - 18372 = 0, -5*v + f + 45934 = 0. What is the units digit of v?
7
Suppose 0 = 3*f - 4*v + 9, 3*f + 19*v - 6 = 18*v. What is the tens digit of f + 780 - (-29)/((-232)/32)?
7
Let y(w) = 3*w - 3. Let n be y(1). Suppose s + 5*s - 2052 = n. What is the hundreds digit of s?
3
Suppose 2*h = -3*h + 140. Let p = h + -21. Let k(t) = -t**3 + 9*t**2 - t - 6. What is the units digit of k(p)?
5
Let k = 48 + -43. Suppose -k*c + 274 - 69 = 0. Let u = c + 58. What is the tens digit of u?
9
Suppose 225 = -5*s - 5*y, 5*s + 276 = -2*y + 63. Let w = s + 33. What is the units digit of -634*1/w + (-1)/4?
9
Suppose 0 = -12*v + v. Suppose -9*s + 2*s + 7329 = v. What is the hundreds digit of s?
0
What is the ten thousands digit of ((-89)/4)/(21/((-111636)/3)) + -2?
3
Let z(n) = -3*n**3 - 6*n**2 + 2*n + 8. Let i(s) = 2*s - 24. Let t be i(10). What is the units digit of z(t)?
6
Let c(i) = -i**3 - 15*i**2 + 3*i + 21. What is the tens digit of c(-17)?
4
Suppose -2*w = -5478 - 2246. What is the hundreds digit of w?
8
Let m = -27972 - 8078. What is the hundreds digit of 20/(-28) - m/49?
7
Let s(y) be the first derivative of 3*y**4/4 - 10*y**3/3 + 4*y**2 + 22*y + 264. What is the tens digit of s(9)?
7
Let o be 3 + (10/(-2) - 1). What is the units digit of (o - -33) + 1 + (-2 - 2)?
7
Suppose -22*v = 16*v - 49704. Suppose -15*c - l = -13*c - v, 0 = c + 5*l - 654. What is the tens digit of c?
5
Suppose 10*t - 83 = 9*t + 3*h, 3*t = 2*h + 214. Let b = -65 + t. Suppose 3*d - 6*d + 5 = 2*i, i - b*d = 25. What is the tens digit of i?
1
Let i be (1 - 246) + (-10)/(-2). What is the units digit of ((-264)/55)/(489/i - -2)?
8
Let y = -18 - -17. Let f be 12/(-14) + y/7 - 31. What is the tens digit of -6*((-12)/9 - -2) - f?
2
Let v(c) = -c**3 - 24*c**2 - 186*c + 30. What is the tens digit of v(-19)?
5
What is the thousands digit of (345198/35)/((-22)/60 + (-12)/(-18))?
2
Suppose z = -z + 106. Suppose -3*u + 2*r - 98 = 0, 4*u + 4*r = -0*r - 124. Let x = z + u. What is the units digit of x?
1
Let k be (-3)/(-24) - (-6)/(-48). Suppose 2*i = 2*b - 10 + 4, 0 = 5*b - 2*i - 21. Suppose -b*z = 2*r - 695, -2*r - 3*r = k. What is the units digit of z?
9
Let s = -466 + 224. Let o = 40 - s. What is the tens digit of o?
8
Let n(a) = -a + 9. Let i be n(6). Suppose -i*h = -25 + 4. Suppose 9*q - 2112 = -h*q. What is the units digit of q?
2
Let i = -124 - -444. Suppose -i = 4*z - 92. Let l = z + 132. What is the units digit of l?
5
Suppose -5*m + 211 = -229. What is the hundreds digit of 2196/22 - (-16)/m?
1
Suppose -4*d + 1770 = -f, 2*d = d - 2*f + 438. Suppose -d = -3*s + 1106. Suppose -4*x - 176 = -s. What is the tens digit of x?
8
Suppose -80 = -5*r + 50. Suppose -r*g = -37*g + 3850. What is the tens digit of g?
5
Let u(d) = 4*d + 17*d + 10*d - 27*d + 285. What is the tens digit of u(27)?
9
Suppose -13*o - 531 - 54 = 0. Let q = o - -47. Suppose 4*b + 118 = q*a, 2*a + 2*a = 2*b + 236. What is the units digit of a?
9
Let y(s) = 56*s + 1395. Let z be y(-25). Let q(u) = -3*u**2 - 26 - u**3 - 5 - 9*u + 8. What is the units digit of q(z)?
2
Let b(x) = 15876*x + 445. What is the tens digit of b(2)?
9
Suppose -172*p + 1954340 = -74*p - 60*p. What is the tens digit of p?
3
Let q(m) = -m - 1. Let